{"id":5359,"date":"2021-08-25T08:27:58","date_gmt":"2021-08-25T11:27:58","guid":{"rendered":"https:\/\/lda.ar\/wp\/?page_id=5359"},"modified":"2024-12-11T12:09:39","modified_gmt":"2024-12-11T15:09:39","slug":"lu3val-142o-aniversario-de-la-ciudad-de-general-roca","status":"publish","type":"page","link":"https:\/\/lda.ar\/?page_id=5359","title":{"rendered":"| LU3VAL | 142\u00ba Aniversario de la Ciudad de General Roca"},"content":{"rendered":"<div id=\"pl-gb5359-69e88f8166b46\"  class=\"panel-layout wp-block-siteorigin-panels-layout-block\" ><div id=\"pg-gb5359-69e88f8166b46-0\"  class=\"panel-grid panel-no-style\" ><div id=\"pgc-gb5359-69e88f8166b46-0-0\"  class=\"panel-grid-cell\" ><div id=\"panel-gb5359-69e88f8166b46-0-0-0\" class=\"so-panel widget widget_sow-headline panel-first-child\" data-index=\"0\" ><div\n\t\t\t\n\t\t\tclass=\"so-widget-sow-headline so-widget-sow-headline-default-20c5311775ad-5359\"\n\t\t\t\n\t\t><div class=\"sow-headline-container \">\n\t\t\t\t\t\t<div class=\"decoration\">\n\t\t\t\t\t\t<div class=\"decoration-inside\"><\/div>\n\t\t\t\t\t<\/div>\n\t\t\t\t\t<\/div>\n<\/div><\/div><div id=\"panel-gb5359-69e88f8166b46-0-0-1\" class=\"so-panel widget widget_sow-image panel-last-child\" data-index=\"1\" ><div\n\t\t\t\n\t\t\tclass=\"so-widget-sow-image so-widget-sow-image-default-113ccd71f3e6-5359\"\n\t\t\t\n\t\t>\n<div class=\"sow-image-container\">\n\t\t<img \n\tsrc=\"https:\/\/lda.ar\/wp-content\/uploads\/2021\/08\/membrete_LU3VAL_142_aniv_gral_roca.jpg\" width=\"1239\" height=\"163\" srcset=\"https:\/\/lda.ar\/wp-content\/uploads\/2021\/08\/membrete_LU3VAL_142_aniv_gral_roca.jpg 1239w, https:\/\/lda.ar\/wp-content\/uploads\/2021\/08\/membrete_LU3VAL_142_aniv_gral_roca-300x39.jpg 300w, https:\/\/lda.ar\/wp-content\/uploads\/2021\/08\/membrete_LU3VAL_142_aniv_gral_roca-1024x135.jpg 1024w, https:\/\/lda.ar\/wp-content\/uploads\/2021\/08\/membrete_LU3VAL_142_aniv_gral_roca-768x101.jpg 768w\" sizes=\"(max-width: 1239px) 100vw, 1239px\" title=\"(LU3VAL) 142\u00ba Aniversario de la Ciudad de General Roca\" alt=\"(LU3VAL) 142\u00ba Aniversario de la Ciudad de General Roca\" \t\tclass=\"so-widget-image\"\/>\n\t<\/div>\n\n<\/div><\/div><\/div><\/div><div id=\"pg-gb5359-69e88f8166b46-1\"  class=\"panel-grid panel-no-style\" ><div id=\"pgc-gb5359-69e88f8166b46-1-0\"  class=\"panel-grid-cell\" ><div id=\"panel-gb5359-69e88f8166b46-1-0-0\" class=\"so-panel widget widget_sow-image panel-first-child panel-last-child\" data-index=\"2\" ><div\n\t\t\t\n\t\t\tclass=\"so-widget-sow-image so-widget-sow-image-default-113ccd71f3e6-5359\"\n\t\t\t\n\t\t>\n<div class=\"sow-image-container\">\n\t\t<img \n\tsrc=\"https:\/\/lda.ar\/imagenes\/qsls_311x200x75\/fondo2-LU3VAL-142aniv.jpg\" title=\"| LU3VAL | 142\u00ba Aniversario de la Ciudad de General Roca\" alt=\"\" \t\tclass=\"so-widget-image\"\/>\n\t<\/div>\n\n<\/div><\/div><\/div><\/div><div id=\"pg-gb5359-69e88f8166b46-2\"  class=\"panel-grid panel-no-style\" ><div id=\"pgc-gb5359-69e88f8166b46-2-0\"  class=\"panel-grid-cell\" ><div id=\"panel-gb5359-69e88f8166b46-2-0-0\" class=\"so-panel widget widget_sow-editor panel-first-child panel-last-child\" data-index=\"3\" ><div\n\t\t\t\n\t\t\tclass=\"so-widget-sow-editor so-widget-sow-editor-base\"\n\t\t\t\n\t\t>\n<div class=\"siteorigin-widget-tinymce textwidget\">\n\t<h6><span style=\"color: #003366;\">Con motivo de la celebraci\u00f3n el d\u00eda 1 de septiembre de 2021, de la conmemoraci\u00f3n del 142\u00ba Aniversario de la fundaci\u00f3n de nuestra querida ciudad \u201cGeneral Roca\u201d, el Radio Club General Roca (LU3VAL) junto a sus integrantes los invita a festejarlo en este evento radial.<\/span><\/h6>\n<\/div>\n<\/div><\/div><\/div><\/div><div id=\"pg-gb5359-69e88f8166b46-3\"  class=\"panel-grid panel-no-style\" ><div id=\"pgc-gb5359-69e88f8166b46-3-0\"  class=\"panel-grid-cell\" ><div id=\"panel-gb5359-69e88f8166b46-3-0-0\" class=\"so-panel widget widget_sow-button panel-first-child\" data-index=\"4\" ><div\n\t\t\t\n\t\t\tclass=\"so-widget-sow-button so-widget-sow-button-atom-84e047a5cb77-5359\"\n\t\t\t\n\t\t><div class=\"ow-button-base ow-button-align-center\"\n>\n\t\t\t<a\n\t\t\t\t\thref=\"https:\/\/www.lda.ar\/bases\/bases_LU3VAL_142_aniv_gral_roca.pdf\"\n\t\t\t\t\tclass=\"sowb-button ow-icon-placement-left ow-button-hover\" target=\"_blank\" rel=\"noopener noreferrer\" \t>\n\t\t<span>\n\t\t\t<span class=\"sow-icon-fontawesome sow-far\" data-sow-icon=\"&#xf1c1;\"\n\t\tstyle=\"\" \n\t\taria-hidden=\"true\"><\/span>\n\t\t\tVER BASES\t\t<\/span>\n\t\t\t<\/a>\n\t<\/div>\n<\/div><\/div><div id=\"panel-gb5359-69e88f8166b46-3-0-1\" class=\"so-panel widget widget_text\" data-index=\"5\" ><div class=\"panel-widget-style panel-widget-style-for-gb5359-69e88f8166b46-3-0-1\" >\t\t\t<div class=\"textwidget\"><p><strong>Los contactos subidos por las estaciones a LdA son exclusiva responsabilidad de las mismas. Si ha detectado una mala carga de alg\u00fan QSO en particular no es LdA quien debe solucionar el problema. P\u00f3ngase en contacto con la instituci\u00f3n organizadora a tal fin o con la estaci\u00f3n contactada buscando sus datos en\u00a0 <a href=\"https:\/\/lda.ar\/?page_id=17\" target=\"_blank\" rel=\"noopener\">USUARIOS DE LdA<\/a> o bien en su <a href=\"https:\/\/www.qrz.com\/\" target=\"_blank\" rel=\"noopener\">QRZ.com<\/a><\/strong><\/p>\n<\/div>\n\t\t<\/div><\/div><div id=\"panel-gb5359-69e88f8166b46-3-0-2\" class=\"so-panel widget widget_text panel-last-child\" data-index=\"6\" ><div class=\"panel-widget-style panel-widget-style-for-gb5359-69e88f8166b46-3-0-2\" >\t\t\t<div class=\"textwidget\"><p><em>El Certificado cumple la totalidad de lo requerido por la Resoluci\u00f3n 3635-E\/2017, art\u00edculos 4.5.4 y 4.6.4, y por lo tanto al tener el Radio Club personer\u00eda jur\u00eddica vigente y ser reconocida por ENACOM es v\u00e1lido para ascensos de categor\u00eda.<\/em><\/p>\n<\/div>\n\t\t<\/div><\/div><\/div><\/div><\/div>\n\n\n<hr class=\"wp-block-separator has-text-color has-luminous-vivid-orange-color has-css-opacity has-luminous-vivid-orange-background-color has-background is-style-wide\"\/>\n\n\n<style>\n       .errordiv { padding:10px; margin:10px; border: 1px solid #555555;color: #000000;background-color: #f8f8f8; width:500px; }#advanced_iframe {visibility:visible;opacity:1;vertical-align:top;}.ai-info-bottom-iframe { position: fixed; z-index: 10000; bottom:0; left: 0; margin: 0px; text-align: center; width: 100%; background-color: #ff9999; padding-left: 5px;padding-bottom: 5px; border-top: 1px solid #aaa } a.ai-bold {font-weight: bold;}#ai-layer-div-advanced_iframe p {height:100%;margin:0;padding:0}<\/style><script type=\"text\/javascript\">var ai_iframe_width_advanced_iframe = 0;var ai_iframe_height_advanced_iframe = 0;function aiReceiveMessageadvanced_iframe(event) {  aiProcessMessage(event,\"advanced_iframe\", \"true\",\"\",\"false\",\"false\");}if (window.addEventListener) {  window.addEventListener(\"message\", aiReceiveMessageadvanced_iframe);} else if (el.attachEvent)  {  el.attachEvent(\"message\", aiReceiveMessageadvanced_iframe);}var aiOnloadScrollTop=\"true\";var aiShowDebug=false;\n\t\tif (typeof aiReadyCallbacks === 'undefined') {\n\t\t\tvar aiReadyCallbacks = [];\n\t\t} else if (!(aiReadyCallbacks instanceof Array)) {\n\t\t\tvar aiReadyCallbacks = [];\n\t\t}    function aiShowIframeId(id_iframe) { jQuery(\"#\"+id_iframe).css(\"visibility\", \"visible\");    }    function aiResizeIframeHeight(height) { aiResizeIframeHeight(height,advanced_iframe); }    function aiResizeIframeHeightId(height,width,id) {aiResizeIframeHeightById(id,height);}<\/script><iframe id=\"advanced_iframe\"  name=\"advanced_iframe\"  src=\"https:\/\/logdeargentina.com.ar\/php\/lu3val_2021.php\"  width=\"100%\"  height=\"5100\"  frameborder=\"0\"  border=\"0\"  allowtransparency=\"true\"  loading=\"lazy\"  style=\";border-width: 0px;;border: none;;width:100%;;height:5100px;\" ><\/iframe><script type=\"text\/javascript\">var ifrm_advanced_iframe = document.getElementById(\"advanced_iframe\");var hiddenTabsDoneadvanced_iframe = false;\nfunction resizeCallbackadvanced_iframe() {}<\/script><script type=\"text\/javascript\"><\/script><p style=\"display:block !important; visibility:visible !important;margin: -18px 14px 0 0;padding-left: 3px;padding-top:3px;background: white; overflow: hidden; position: relative; line-height:15px;width: fit-content;\"><small style=\"display:block !important;visibility:visible !important\">powered by Advanced iFrame<\/small><\/p>\n\n<div\n\t\t\t\n\t\t\tclass=\"so-widget-sow-editor so-widget-sow-editor-base\"\n\t\t\t\n\t\t>\n<div class=\"siteorigin-widget-tinymce textwidget\">\n\t<p style=\"text-align: left;\" align=\"center\"><span style=\"color: #808080;\"><span title=\"Radio Club Misiones\">LT5I<\/span>\u00a0<span title=\"Radio Club Santiago Del Estero\">L73N<\/span>\u00a0<span title=\"Gustavo D. Zanutti\">LU1GQQ<\/span>\u00a0<span title=\"Radio Club Alta Gracia\">LU1HRA<\/span>\u00a0<span title=\"Cuyo Radio Club\">LU1MA\/M<\/span>\u00a0<span title=\"Radio Club Santiago Del Estero\">LU1NF<\/span>\u00a0<span title=\"Radioclub San Juan\">LU1PAA\/P<\/span>\u00a0<span title=\"Radio Club San Luis\">LU1QA\/Q<\/span>\u00a0<span title=\"Radio Club La Rioja\">LU1SF\/S<\/span>\u00a0<span title=\"Mario Alejandro Rojo\">LU1TAL<\/span>\u00a0<span title=\"Radio Club Pampeano\">LU1UG<\/span>\u00a0<span title=\"Radio Club Neuquen\">LU1YY<\/span>\u00a0<span title=\"Radio Club R\u00c3\u00ado Gallegos\">LU1XA<\/span>\u00a0<span title=\"Entre Rios Radio Club\">LU2JS<\/span>\u00a0<span title=\"Radio Club Comodoro Rivadavia\">LU1WA<\/span>\u00a0<span title=\"Radio Club Bolivar\">LU3DAR<\/span>\u00a0<span title=\"Radio Club General Roca (Obligatorio para el Laureado)\">LU3VAL<\/span>\u00a0<span title=\"Radio Club 9 De Julio\">LU4DLL<\/span>\u00a0<span title=\"Radio Club Rosario\">LU4FM<\/span>\u00a0<span title=\"Chaco Radio Club\">LU4GF<\/span>\u00a0<span title=\"Radio Club Tucuman\">LU4KC<\/span>\u00a0<span title=\"Radio Club Salta\">LU4OC<\/span>\u00a0<span title=\"Radio Club Aguapey\">LU5LA<\/span>\u00a0<span title=\"Radio Club Rio Quinto\">LU5QR\/Q<\/span>\u00a0<span title=\"Radio Club Catamarca\">LU5RC<\/span>\u00a0<span title=\"Radio Club Tomas Espora Lu6dk\">LU6DK<\/span>\u00a0<span title=\"Radio Club Gral Sarmiento\">LU7DZV\/D<\/span>\u00a0<span title=\"Radio Club Ushuaia\">LU8XW<\/span>\u00a0<span title=\"Hugo Daniel Jara\">LU9GRE<\/span>\u00a0<span title=\"Emaudi Rioja\">LU9TUX<\/span><\/span><\/p>\n<\/div>\n<\/div>\n\n\n<p><\/p>\n","protected":false},"excerpt":{"rendered":"","protected":false},"author":3,"featured_media":0,"parent":11590,"menu_order":0,"comment_status":"closed","ping_status":"closed","template":"","meta":{"ngg_post_thumbnail":0,"footnotes":""},"class_list":["post-5359","page","type-page","status-publish","hentry"],"_links":{"self":[{"href":"https:\/\/lda.ar\/index.php?rest_route=\/wp\/v2\/pages\/5359","targetHints":{"allow":["GET"]}}],"collection":[{"href":"https:\/\/lda.ar\/index.php?rest_route=\/wp\/v2\/pages"}],"about":[{"href":"https:\/\/lda.ar\/index.php?rest_route=\/wp\/v2\/types\/page"}],"author":[{"embeddable":true,"href":"https:\/\/lda.ar\/index.php?rest_route=\/wp\/v2\/users\/3"}],"replies":[{"embeddable":true,"href":"https:\/\/lda.ar\/index.php?rest_route=%2Fwp%2Fv2%2Fcomments&post=5359"}],"version-history":[{"count":5,"href":"https:\/\/lda.ar\/index.php?rest_route=\/wp\/v2\/pages\/5359\/revisions"}],"predecessor-version":[{"id":11968,"href":"https:\/\/lda.ar\/index.php?rest_route=\/wp\/v2\/pages\/5359\/revisions\/11968"}],"up":[{"embeddable":true,"href":"https:\/\/lda.ar\/index.php?rest_route=\/wp\/v2\/pages\/11590"}],"wp:attachment":[{"href":"https:\/\/lda.ar\/index.php?rest_route=%2Fwp%2Fv2%2Fmedia&parent=5359"}],"curies":[{"name":"wp","href":"https:\/\/api.w.org\/{rel}","templated":true}]}}