{"id":4349,"date":"2021-05-28T12:43:28","date_gmt":"2021-05-28T15:43:28","guid":{"rendered":"https:\/\/lda.ar\/wp\/?page_id=4349"},"modified":"2024-12-11T12:33:05","modified_gmt":"2024-12-11T15:33:05","slug":"nl-lu5dsm-1o-fin-de-semana-de-bomberos-voluntarios","status":"publish","type":"page","link":"https:\/\/lda.ar\/?page_id=4349","title":{"rendered":"| LU5DSM | 1\u00ba Fin de semana de Bomberos Voluntarios"},"content":{"rendered":"<div id=\"pl-gb4349-69e694bb9ad85\"  class=\"panel-layout wp-block-siteorigin-panels-layout-block\" ><div id=\"pg-gb4349-69e694bb9ad85-0\"  class=\"panel-grid panel-no-style\" ><div id=\"pgc-gb4349-69e694bb9ad85-0-0\"  class=\"panel-grid-cell\" ><div id=\"panel-gb4349-69e694bb9ad85-0-0-0\" class=\"so-panel widget widget_sow-headline panel-first-child\" data-index=\"0\" ><div\n\t\t\t\n\t\t\tclass=\"so-widget-sow-headline so-widget-sow-headline-default-20c5311775ad-4349\"\n\t\t\t\n\t\t><div class=\"sow-headline-container \">\n\t\t\t\t\t\t<div class=\"decoration\">\n\t\t\t\t\t\t<div class=\"decoration-inside\"><\/div>\n\t\t\t\t\t<\/div>\n\t\t\t\t\t<\/div>\n<\/div><\/div><div id=\"panel-gb4349-69e694bb9ad85-0-0-1\" class=\"so-panel widget widget_sow-image\" data-index=\"1\" ><div\n\t\t\t\n\t\t\tclass=\"so-widget-sow-image so-widget-sow-image-default-113ccd71f3e6-4349\"\n\t\t\t\n\t\t>\n<div class=\"sow-image-container\">\n\t\t\t<a href=\"https:\/\/www.qrz.com\/db\/lu5dsm\"\n\t\t\ttarget=\"_blank\" rel=\"noopener noreferrer\" \t\t>\n\t\t\t<img \n\tsrc=\"https:\/\/lda.ar\/wp-content\/uploads\/2021\/05\/membrete_LU5DSM_bomberos_voluntarios2021.jpg\" width=\"1239\" height=\"163\" srcset=\"https:\/\/lda.ar\/wp-content\/uploads\/2021\/05\/membrete_LU5DSM_bomberos_voluntarios2021.jpg 1239w, https:\/\/lda.ar\/wp-content\/uploads\/2021\/05\/membrete_LU5DSM_bomberos_voluntarios2021-300x39.jpg 300w, https:\/\/lda.ar\/wp-content\/uploads\/2021\/05\/membrete_LU5DSM_bomberos_voluntarios2021-1024x135.jpg 1024w, https:\/\/lda.ar\/wp-content\/uploads\/2021\/05\/membrete_LU5DSM_bomberos_voluntarios2021-768x101.jpg 768w\" sizes=\"(max-width: 1239px) 100vw, 1239px\" title=\"(LU5DSM) Primer fin de semana de Bomberos Voluntarios\" alt=\"LU5DSM\" \t\tclass=\"so-widget-image\"\/>\n\t\t\t<\/a><\/div>\n\n<\/div><\/div><div id=\"panel-gb4349-69e694bb9ad85-0-0-2\" class=\"so-panel widget widget_sow-image\" data-index=\"2\" ><div\n\t\t\t\n\t\t\tclass=\"so-widget-sow-image so-widget-sow-image-default-113ccd71f3e6-4349\"\n\t\t\t\n\t\t>\n<div class=\"sow-image-container\">\n\t\t<img \n\tsrc=\"https:\/\/lda.ar\/wp-content\/uploads\/2021\/05\/muestra_qsl_LU5DSM-BOMBEROS-2021-1.png\" width=\"309\" height=\"200\" srcset=\"https:\/\/lda.ar\/wp-content\/uploads\/2021\/05\/muestra_qsl_LU5DSM-BOMBEROS-2021-1.png 309w, https:\/\/lda.ar\/wp-content\/uploads\/2021\/05\/muestra_qsl_LU5DSM-BOMBEROS-2021-1-300x194.png 300w\" sizes=\"(max-width: 309px) 100vw, 309px\" title=\"(LU5DSM) Primer fin de semana de Bomberos Voluntarios\" alt=\"LU5DSM\" \t\tclass=\"so-widget-image\"\/>\n\t<\/div>\n\n<\/div><\/div><div id=\"panel-gb4349-69e694bb9ad85-0-0-3\" class=\"so-panel widget widget_sow-editor panel-last-child\" data-index=\"3\" ><div\n\t\t\t\n\t\t\tclass=\"so-widget-sow-editor so-widget-sow-editor-base\"\n\t\t\t\n\t\t>\n<div class=\"siteorigin-widget-tinymce textwidget\">\n\t<p>Estimados colegas:<br \/>\nEl <strong>Radio Club Grupo DX San Miguel<\/strong> invita a participar y a homenajear dando a conocer la actividad que desarrollan nuestros Bomberos Voluntarios.<br \/>\n<strong>Los radioaficionados que otorgan el contacto pertenecen al Cuerpo Activo, Cuerpo de Reserva o han sido Bombero, en todos los casos han sido acreditados.<\/strong><br \/>\nInvitamos a todos los Radio Clubes, grupos y radioaficionados a participar de este evento, como una manera de agradecer a estas mujeres y hombres que d\u00eda a d\u00eda velan por nosotros.<\/p>\n<\/div>\n<\/div><\/div><\/div><\/div><div id=\"pg-gb4349-69e694bb9ad85-1\"  class=\"panel-grid panel-no-style\" ><div id=\"pgc-gb4349-69e694bb9ad85-1-0\"  class=\"panel-grid-cell\" ><div id=\"panel-gb4349-69e694bb9ad85-1-0-0\" class=\"so-panel widget widget_sow-button panel-first-child\" data-index=\"4\" ><div\n\t\t\t\n\t\t\tclass=\"so-widget-sow-button so-widget-sow-button-atom-84e047a5cb77-4349\"\n\t\t\t\n\t\t><div class=\"ow-button-base ow-button-align-center\"\n>\n\t\t\t<a\n\t\t\t\t\thref=\"https:\/\/lda.ar\/bases\/bases_LU5DSM_bomberos_voluntarios2021.pdf\"\n\t\t\t\t\tclass=\"sowb-button ow-icon-placement-left ow-button-hover\" target=\"_blank\" rel=\"noopener noreferrer\" \t>\n\t\t<span>\n\t\t\t<span class=\"sow-icon-fontawesome sow-far\" data-sow-icon=\"&#xf1c1;\"\n\t\tstyle=\"\" \n\t\taria-hidden=\"true\"><\/span>\n\t\t\tVER BASES\t\t<\/span>\n\t\t\t<\/a>\n\t<\/div>\n<\/div><\/div><div id=\"panel-gb4349-69e694bb9ad85-1-0-1\" class=\"so-panel widget widget_text\" data-index=\"5\" ><div class=\"panel-widget-style panel-widget-style-for-gb4349-69e694bb9ad85-1-0-1\" >\t\t\t<div class=\"textwidget\"><p><strong>Los contactos subidos por las estaciones a LdA son exclusiva responsabilidad de las mismas. Si ha detectado una mala carga de alg\u00fan QSO en particular no es LdA quien debe solucionar el problema. P\u00f3ngase en contacto con la instituci\u00f3n organizadora a tal fin o con la estaci\u00f3n contactada buscando sus datos en\u00a0 <a href=\"https:\/\/lda.ar\/?page_id=17\" target=\"_blank\" rel=\"noopener\">USUARIOS DE LdA<\/a> o bien en su QRZ.com<\/strong><\/p>\n<\/div>\n\t\t<\/div><\/div><div id=\"panel-gb4349-69e694bb9ad85-1-0-2\" class=\"so-panel widget widget_text\" data-index=\"6\" ><div class=\"panel-widget-style panel-widget-style-for-gb4349-69e694bb9ad85-1-0-2\" >\t\t\t<div class=\"textwidget\"><p><em>El Certificado cumple la totalidad de lo requerido por la Resoluci\u00f3n 3635-E\/2017, art\u00edculos 4.5.4 y 4.6.4, y por lo tanto al tener el Radio Club personer\u00eda jur\u00eddica vigente y ser reconocida por ENACOM es v\u00e1lido para ascensos de categor\u00eda.<\/em><\/p>\n<\/div>\n\t\t<\/div><\/div><div id=\"panel-gb4349-69e694bb9ad85-1-0-3\" class=\"so-panel widget widget_sow-headline panel-last-child\" data-index=\"7\" ><div\n\t\t\t\n\t\t\tclass=\"so-widget-sow-headline so-widget-sow-headline-default-20c5311775ad-4349\"\n\t\t\t\n\t\t><div class=\"sow-headline-container \">\n\t\t\t\t\t\t<div class=\"decoration\">\n\t\t\t\t\t\t<div class=\"decoration-inside\"><\/div>\n\t\t\t\t\t<\/div>\n\t\t\t\t\t<\/div>\n<\/div><\/div><\/div><\/div><\/div>\n\n\n<div style=\"height:20px\" aria-hidden=\"true\" class=\"wp-block-spacer\"><\/div>\n\n\n<style>\n       .errordiv { padding:10px; margin:10px; border: 1px solid #555555;color: #000000;background-color: #f8f8f8; width:500px; }#advanced_iframe {visibility:visible;opacity:1;vertical-align:top;}.ai-info-bottom-iframe { position: fixed; z-index: 10000; bottom:0; left: 0; margin: 0px; text-align: center; width: 100%; background-color: #ff9999; padding-left: 5px;padding-bottom: 5px; border-top: 1px solid #aaa } a.ai-bold {font-weight: bold;}#ai-layer-div-advanced_iframe p {height:100%;margin:0;padding:0}<\/style><script type=\"text\/javascript\">var ai_iframe_width_advanced_iframe = 0;var ai_iframe_height_advanced_iframe = 0;function aiReceiveMessageadvanced_iframe(event) {  aiProcessMessage(event,\"advanced_iframe\", \"true\",\"\",\"false\",\"false\");}if (window.addEventListener) {  window.addEventListener(\"message\", aiReceiveMessageadvanced_iframe);} else if (el.attachEvent)  {  el.attachEvent(\"message\", aiReceiveMessageadvanced_iframe);}var aiOnloadScrollTop=\"true\";var aiShowDebug=false;\n\t\tif (typeof aiReadyCallbacks === 'undefined') {\n\t\t\tvar aiReadyCallbacks = [];\n\t\t} else if (!(aiReadyCallbacks instanceof Array)) {\n\t\t\tvar aiReadyCallbacks = [];\n\t\t}    function aiShowIframeId(id_iframe) { jQuery(\"#\"+id_iframe).css(\"visibility\", \"visible\");    }    function aiResizeIframeHeight(height) { aiResizeIframeHeight(height,advanced_iframe); }    function aiResizeIframeHeightId(height,width,id) {aiResizeIframeHeightById(id,height);}<\/script><iframe id=\"advanced_iframe\"  name=\"advanced_iframe\"  src=\"https:\/\/logdeargentina.com.ar\/php\/lu5dsm_bomberos_2021.php\"  width=\"100%\"  height=\"5100\"  frameborder=\"0\"  border=\"0\"  allowtransparency=\"true\"  loading=\"lazy\"  style=\";border-width: 0px;;border: none;;width:100%;;height:5100px;\" ><\/iframe><script type=\"text\/javascript\">var ifrm_advanced_iframe = document.getElementById(\"advanced_iframe\");var hiddenTabsDoneadvanced_iframe = false;\nfunction resizeCallbackadvanced_iframe() {}<\/script><script type=\"text\/javascript\"><\/script><p style=\"display:block !important; visibility:visible !important;margin: -18px 14px 0 0;padding-left: 3px;padding-top:3px;background: white; overflow: hidden; position: relative; line-height:15px;width: fit-content;\"><small style=\"display:block !important;visibility:visible !important\">powered by Advanced iFrame<\/small><\/p>\n\n\n<pre class=\"wp-block-preformatted\"><strong>LU1DLJ&nbsp;LU1DRQ&nbsp;LU2HYL&nbsp;LU2WMP\/W&nbsp;LU4FFT&nbsp;LU4JDH&nbsp;LU4WTG&nbsp;LU5EVK&nbsp;LU5HDR\/H&nbsp;LU5HMT&nbsp;LU6DDC&nbsp;LU6QBB&nbsp;LU7MHP&nbsp;LU9DKA&nbsp;LU9DMG&nbsp;LU9DSD&nbsp;LU9DTR&nbsp;LU9QDG&nbsp;LW1ECK&nbsp;LW4DOR&nbsp;LW5DB&nbsp;LW6DXZ&nbsp;LW7DJ<\/strong><\/pre>\n","protected":false},"excerpt":{"rendered":"<p>Estimados colegas: El Radio Club Grupo DX San Miguel invita a participar y a homenajear dando a conocer la actividad que desarrollan nuestros Bomberos Voluntarios. Los radioaficionados que otorgan el&hellip; <\/p>\n","protected":false},"author":3,"featured_media":0,"parent":11590,"menu_order":0,"comment_status":"closed","ping_status":"closed","template":"","meta":{"ngg_post_thumbnail":0,"footnotes":""},"class_list":["post-4349","page","type-page","status-publish","hentry"],"_links":{"self":[{"href":"https:\/\/lda.ar\/index.php?rest_route=\/wp\/v2\/pages\/4349","targetHints":{"allow":["GET"]}}],"collection":[{"href":"https:\/\/lda.ar\/index.php?rest_route=\/wp\/v2\/pages"}],"about":[{"href":"https:\/\/lda.ar\/index.php?rest_route=\/wp\/v2\/types\/page"}],"author":[{"embeddable":true,"href":"https:\/\/lda.ar\/index.php?rest_route=\/wp\/v2\/users\/3"}],"replies":[{"embeddable":true,"href":"https:\/\/lda.ar\/index.php?rest_route=%2Fwp%2Fv2%2Fcomments&post=4349"}],"version-history":[{"count":8,"href":"https:\/\/lda.ar\/index.php?rest_route=\/wp\/v2\/pages\/4349\/revisions"}],"predecessor-version":[{"id":11978,"href":"https:\/\/lda.ar\/index.php?rest_route=\/wp\/v2\/pages\/4349\/revisions\/11978"}],"up":[{"embeddable":true,"href":"https:\/\/lda.ar\/index.php?rest_route=\/wp\/v2\/pages\/11590"}],"wp:attachment":[{"href":"https:\/\/lda.ar\/index.php?rest_route=%2Fwp%2Fv2%2Fmedia&parent=4349"}],"curies":[{"name":"wp","href":"https:\/\/api.w.org\/{rel}","templated":true}]}}