{"id":36,"date":"2020-10-23T13:44:37","date_gmt":"2020-10-23T16:44:37","guid":{"rendered":"https:\/\/lda.ar\/wp\/?page_id=36"},"modified":"2026-01-09T11:48:04","modified_gmt":"2026-01-09T14:48:04","slug":"us-acerca-de","status":"publish","type":"page","link":"https:\/\/lda.ar\/?page_id=36","title":{"rendered":"Acerca de&#8230;"},"content":{"rendered":"<div id=\"pl-gb36-69e64d21aefd7\"  class=\"panel-layout wp-block-siteorigin-panels-layout-block\" ><div id=\"pg-gb36-69e64d21aefd7-0\"  class=\"panel-grid panel-no-style\" ><div id=\"pgc-gb36-69e64d21aefd7-0-0\"  class=\"panel-grid-cell\" ><div id=\"panel-gb36-69e64d21aefd7-0-0-0\" class=\"so-panel widget widget_sow-headline panel-first-child\" data-index=\"0\" ><div\n\t\t\t\n\t\t\tclass=\"so-widget-sow-headline so-widget-sow-headline-default-ba63a927ee5c-36 so-widget-fittext-wrapper\"\n\t\t\t data-fit-text-compressor=\"0.85\"\n\t\t><div class=\"sow-headline-container \">\n\t\t\t\t\t\t<div class=\"decoration\">\n\t\t\t\t\t\t<div class=\"decoration-inside\"><\/div>\n\t\t\t\t\t<\/div>\n\t\t\t\t\t\t\t\t\t\t\t<h1 class=\"sow-headline\">\n\t\t\t\t\t\t\u00bf Qu\u00e9 es Log de Argentina (LdA) ?\t\t\t\t\t\t<\/h1>\n\t\t\t\t\t\t<\/div>\n<\/div><\/div><div id=\"panel-gb36-69e64d21aefd7-0-0-1\" class=\"so-panel widget widget_text panel-last-child\" data-index=\"1\" >\t\t\t<div class=\"textwidget\"><div id=\"u554341-18\" class=\"clearfix colelem shared_content\" data-muse-uid=\"U554341\" data-muse-type=\"txt_frame\" data-ibe-flags=\"txtStyleSrc\" data-sizepolicy=\"fluidWidth\" data-pintopage=\"page_fixedCenter\" data-content-guid=\"u554341-18_content\">\n<ul id=\"u554341-16\" class=\"list0 nls-None\">\n<li id=\"u21876-2\"><strong>La idea surge a fin de confirmar nuestros QSOs con estaciones de Argentina ( en la actualidad se incorporaron estaciones de todo el mundo) por medio de un sistema electr\u00f3nico que ahorre el correo convencional. Es tan simple como eQSL y contempla tambi\u00e9n los QSOs confirmados por ese sistema.<\/strong><\/li>\n<li id=\"u21876-4\"><strong>Primero debe crearse una cuenta (con Se\u00f1al Distintiva, eMail y contrase\u00f1a), con lo cual ya formar\u00e1s parte del sistema y podr\u00e1s subir todos tus QSOs (en formato ADIF).<\/strong><\/li>\n<li><strong>La cuenta se debe crear con la Se\u00f1al Distintiva base, para Se\u00f1ales Distintivas Especiales (SDE) o modificadores de lugar \u00ab\/D \/H\u00bb etc. puede solicitar sus \u00abAlias\u00bb\u00a0 y los mismos ser\u00e1n aprobados por los Administradores.<\/strong><\/li>\n<li><strong>El sistema cruzar\u00e1 los datos de los QSOs de todos los usuarios y, de haber concordancia, los marcar\u00e1 como confirmados.<\/strong><\/li>\n<li><strong>Ademas podes optar por el servicio de QSL personalizada, con un dise\u00f1o particular que vos elijas, fotos de paisajes o de tu estaci\u00f3n y nosotros te generamos el dise\u00f1o.<\/strong><\/li>\n<li><strong>En la actualidad contamos con 20 <a href=\"https:\/\/lda.ar\/?page_id=73\" target=\"_blank\" rel=\"noopener\">DIPLOMAS <\/a>permanentes nacionales e internacionales.<\/strong><\/li>\n<\/ul>\n<\/div>\n<div id=\"u554341-18\" class=\"clearfix colelem shared_content\" data-muse-uid=\"U554341\" data-muse-type=\"txt_frame\" data-ibe-flags=\"txtStyleSrc\" data-sizepolicy=\"fluidWidth\" data-pintopage=\"page_fixedCenter\" data-content-guid=\"u554341-18_content\"><\/div>\n<\/div>\n\t\t<\/div><\/div><\/div><div id=\"pg-gb36-69e64d21aefd7-1\"  class=\"panel-grid panel-no-style\" ><div id=\"pgc-gb36-69e64d21aefd7-1-0\"  class=\"panel-grid-cell\" ><div id=\"panel-gb36-69e64d21aefd7-1-0-0\" class=\"so-panel widget widget_text panel-first-child panel-last-child\" data-index=\"2\" ><h3 class=\"widget-title\">Administradores:<\/h3>\t\t\t<div class=\"textwidget\"><div id=\"u554341-18\" class=\"clearfix colelem shared_content\" data-muse-uid=\"U554341\" data-muse-type=\"txt_frame\" data-ibe-flags=\"txtStyleSrc\" data-sizepolicy=\"fluidWidth\" data-pintopage=\"page_fixedCenter\" data-content-guid=\"u554341-18_content\">\n<div id=\"u21893-24-bw\" class=\"browser_width colelem\">\n<div id=\"u21893-24\" class=\"clearfix\" data-muse-uid=\"U21893\" data-muse-type=\"txt_frame\" data-ibe-flags=\"txtStyleSrc\">\n<ul id=\"u21893-22\" class=\"list0 nls-None\">\n<li id=\"u21893-7\"><strong><a class=\"nonblock\" href=\"https:\/\/www.qrz.com\/db\/lu2csg\" target=\"_blank\" rel=\"noopener\"><span id=\"u21893\" class=\"shared_content\" data-content-guid=\"u21893_content\">LU2CSG<\/span><\/a><\/strong><span class=\"shared_content\" data-content-guid=\"u21893-7_1_content\">(Juan Manuel Castellvi)<\/span><br class=\"shared_content\" data-content-guid=\"u21893-7_2_content\" \/><span class=\"shared_content\" data-content-guid=\"u21893-7_3_content\">WS +54 9 11 5735-8436<\/span><\/li>\n<li id=\"u21893-7\"><strong><a class=\"nonblock\" href=\"https:\/\/www.qrz.com\/db\/lu4eg\" target=\"_blank\" rel=\"noopener\"><span id=\"u21893\" class=\"shared_content\" data-content-guid=\"u21893_content\">LU4EG<\/span><\/a><\/strong><span class=\"shared_content\" data-content-guid=\"u21893-7_1_content\">(Daniel Piergiacomi)<\/span><br class=\"shared_content\" data-content-guid=\"u21893-7_2_content\" \/><span class=\"shared_content\" data-content-guid=\"u21893-7_3_content\">WS +54 9 11 6782 8766<\/span><\/li>\n<li id=\"u21893-16\"><strong><a class=\"nonblock\" href=\"https:\/\/www.qrz.com\/db\/lu5mt\" target=\"_blank\" rel=\"noopener\"><span id=\"u21893-8\" class=\"shared_content\" data-content-guid=\"u21893-8_content\">LU5MT<\/span><\/a><\/strong><span class=\"shared_content\" data-content-guid=\"u21893-16_1_content\">(Julio Alvarez Granata)<\/span><br class=\"shared_content\" data-content-guid=\"u21893-16_2_content\" \/><a class=\"nonblock\" href=\"http:\/\/www.lu5mt.com.ar\/\" target=\"_blank\" rel=\"noopener\"><span id=\"u21893-13\" class=\"shared_content\" data-content-guid=\"u21893-13_content\">www.lu5mt.com.ar<\/span><\/a><span id=\"u21893-17\" class=\"shared_content\" data-content-guid=\"u21893-17_content\"><\/span><\/li>\n<\/ul>\n<\/div>\n<\/div>\n<\/div>\n<\/div>\n\t\t<\/div><\/div><div id=\"pgc-gb36-69e64d21aefd7-1-1\"  class=\"panel-grid-cell\" ><div id=\"panel-gb36-69e64d21aefd7-1-1-0\" class=\"so-panel widget widget_text panel-first-child panel-last-child\" data-index=\"3\" ><h3 class=\"widget-title\">Colaboradores:<\/h3>\t\t\t<div class=\"textwidget\"><div id=\"u554341-18\" class=\"clearfix colelem shared_content\" data-muse-uid=\"U554341\" data-muse-type=\"txt_frame\" data-ibe-flags=\"txtStyleSrc\" data-sizepolicy=\"fluidWidth\" data-pintopage=\"page_fixedCenter\" data-content-guid=\"u554341-18_content\">\n<div id=\"u21893-24-bw\" class=\"browser_width colelem\">\n<div id=\"u21893-24\" class=\"clearfix\" data-muse-uid=\"U21893\" data-muse-type=\"txt_frame\" data-ibe-flags=\"txtStyleSrc\">\n<ul id=\"u21893-22\" class=\"list0 nls-None\">\n<li><strong><a class=\"nonblock\" href=\"https:\/\/www.qrz.com\/db\/lu3cm\" target=\"_blank\" rel=\"noopener\"><span id=\"u21893-17\" class=\"shared_content\" data-content-guid=\"u21893-17_content\">LU3CM<\/span><\/a><\/strong><span id=\"u21893-20\" class=\"shared_content\" data-content-guid=\"u21893-20_content\"> H\u00e9ctor Mazzier<\/span><\/li>\n<li><span id=\"u754395-16\" class=\"shared_content\" data-content-guid=\"u754395-16_content\"><\/span><strong><a class=\"nonblock\" href=\"https:\/\/www.qrz.com\/db\/Lu5ila\" target=\"_blank\" rel=\"noopener\"><span id=\"u754395-21\" class=\"shared_content\" data-content-guid=\"u754395-21_content\">LU5ILA<\/span><\/a><\/strong><span id=\"u754395-24\" class=\"shared_content\" data-content-guid=\"u754395-24_content\"><strong>\u00a0<\/strong>Leticia Alonso<\/span><\/li>\n<li><strong><a class=\"nonblock\" href=\"https:\/\/www.qrz.com\/db\/lu9dpd\" target=\"_blank\" rel=\"noopener\"><span id=\"u754395-26\" class=\"shared_content\" data-content-guid=\"u754395-26_content\">LU9DPD<\/span><\/a><\/strong><span id=\"u754395-29\" class=\"shared_content\" data-content-guid=\"u754395-29_content\"><strong>\u00a0<\/strong>Daniel Prieto<\/span><span id=\"u21893-13\" class=\"shared_content\" data-content-guid=\"u21893-13_content\"><\/span><span id=\"u21893-17\" class=\"shared_content\" data-content-guid=\"u21893-17_content\"><\/span><\/li>\n<\/ul>\n<\/div>\n<\/div>\n<\/div>\n<\/div>\n\t\t<\/div><\/div><\/div><div id=\"pg-gb36-69e64d21aefd7-2\"  class=\"panel-grid panel-no-style\" ><div id=\"pgc-gb36-69e64d21aefd7-2-0\"  class=\"panel-grid-cell panel-grid-cell-empty\" ><\/div><\/div><\/div>","protected":false},"excerpt":{"rendered":"","protected":false},"author":3,"featured_media":0,"parent":27,"menu_order":0,"comment_status":"closed","ping_status":"closed","template":"","meta":{"ngg_post_thumbnail":0,"footnotes":""},"class_list":["post-36","page","type-page","status-publish","hentry"],"_links":{"self":[{"href":"https:\/\/lda.ar\/index.php?rest_route=\/wp\/v2\/pages\/36","targetHints":{"allow":["GET"]}}],"collection":[{"href":"https:\/\/lda.ar\/index.php?rest_route=\/wp\/v2\/pages"}],"about":[{"href":"https:\/\/lda.ar\/index.php?rest_route=\/wp\/v2\/types\/page"}],"author":[{"embeddable":true,"href":"https:\/\/lda.ar\/index.php?rest_route=\/wp\/v2\/users\/3"}],"replies":[{"embeddable":true,"href":"https:\/\/lda.ar\/index.php?rest_route=%2Fwp%2Fv2%2Fcomments&post=36"}],"version-history":[{"count":6,"href":"https:\/\/lda.ar\/index.php?rest_route=\/wp\/v2\/pages\/36\/revisions"}],"predecessor-version":[{"id":1874,"href":"https:\/\/lda.ar\/index.php?rest_route=\/wp\/v2\/pages\/36\/revisions\/1874"}],"up":[{"embeddable":true,"href":"https:\/\/lda.ar\/index.php?rest_route=\/wp\/v2\/pages\/27"}],"wp:attachment":[{"href":"https:\/\/lda.ar\/index.php?rest_route=%2Fwp%2Fv2%2Fmedia&parent=36"}],"curies":[{"name":"wp","href":"https:\/\/api.w.org\/{rel}","templated":true}]}}