{"id":199,"date":"2020-10-23T22:48:48","date_gmt":"2020-10-24T01:48:48","guid":{"rendered":"https:\/\/lda.ar\/wp\/?page_id=199"},"modified":"2020-10-31T11:05:02","modified_gmt":"2020-10-31T14:05:02","slug":"lu6dk-70-aniversario-radio-club-comandante-tomas-espora","status":"publish","type":"page","link":"https:\/\/lda.ar\/?page_id=199","title":{"rendered":"(LU6DK) 70 Aniversario Radio Club Comandante Tom\u00e1s Espora"},"content":{"rendered":"<div id=\"pl-gb199-69e679d310f03\"  class=\"panel-layout\" ><div id=\"pg-gb199-69e679d310f03-0\"  class=\"panel-grid panel-no-style\" ><div id=\"pgc-gb199-69e679d310f03-0-0\"  class=\"panel-grid-cell\" ><div id=\"panel-gb199-69e679d310f03-0-0-0\" class=\"so-panel widget widget_sow-image panel-first-child\" data-index=\"0\" ><div\n\t\t\t\n\t\t\tclass=\"so-widget-sow-image so-widget-sow-image-default-c67d20f9f743-199\"\n\t\t\t\n\t\t>\n<div class=\"sow-image-container\">\n\t\t\t<a href=\"https:\/\/lu6dk.com\/\"\n\t\t\ttarget=\"_blank\" rel=\"noopener noreferrer\" \t\t>\n\t\t\t<img \n\tsrc=\"https:\/\/lda.ar\/wp-content\/uploads\/2020\/10\/membrete_lu6dk-768x101.jpg\" width=\"768\" height=\"101\" srcset=\"https:\/\/lda.ar\/wp-content\/uploads\/2020\/10\/membrete_lu6dk-768x101.jpg 768w, https:\/\/lda.ar\/wp-content\/uploads\/2020\/10\/membrete_lu6dk-300x39.jpg 300w, https:\/\/lda.ar\/wp-content\/uploads\/2020\/10\/membrete_lu6dk-1024x135.jpg 1024w, https:\/\/lda.ar\/wp-content\/uploads\/2020\/10\/membrete_lu6dk-e1603808596333.jpg 1026w\" sizes=\"(max-width: 768px) 100vw, 768px\" title=\"LU6DK 70 Aniversario\" alt=\"\" \t\tclass=\"so-widget-image\"\/>\n\t\t\t<\/a><\/div>\n\n<\/div><\/div><div id=\"panel-gb199-69e679d310f03-0-0-1\" class=\"so-panel widget widget_text panel-last-child\" data-index=\"1\" ><div class=\"panel-widget-style panel-widget-style-for-gb199-69e679d310f03-0-0-1\" >\t\t\t<div class=\"textwidget\"><p><strong>El Radio Club Comandante Tom\u00e1s Espora de Lomas de Zamora LU6DK celebr\u00f3 el 20 de octubre de 2020 sus 70 a\u00f1os de vida y para festejarlo realiz\u00f3 diversas actividades durante los meses de setiembre y octubre del a\u00f1o 2020.<br \/>\n<\/strong><\/p>\n<\/div>\n\t\t<\/div><\/div><\/div><\/div><div id=\"pg-gb199-69e679d310f03-1\"  class=\"panel-grid panel-no-style\" ><div id=\"pgc-gb199-69e679d310f03-1-0\"  class=\"panel-grid-cell\" ><div id=\"panel-gb199-69e679d310f03-1-0-0\" class=\"so-panel widget widget_sow-button panel-first-child\" data-index=\"2\" ><div\n\t\t\t\n\t\t\tclass=\"so-widget-sow-button so-widget-sow-button-atom-84e047a5cb77-199\"\n\t\t\t\n\t\t><div class=\"ow-button-base ow-button-align-center\"\n>\n\t\t\t<a\n\t\t\t\t\thref=\"https:\/\/lda.ar\/bases\/bases_lu6dk_70Aniv.pdf\"\n\t\t\t\t\tclass=\"sowb-button ow-icon-placement-left ow-button-hover\" target=\"_blank\" rel=\"noopener noreferrer\" \t>\n\t\t<span>\n\t\t\t<span class=\"sow-icon-fontawesome sow-far\" data-sow-icon=\"&#xf1c1;\"\n\t\tstyle=\"\" \n\t\taria-hidden=\"true\"><\/span>\n\t\t\tVER BASES\t\t<\/span>\n\t\t\t<\/a>\n\t<\/div>\n<\/div><\/div><div id=\"panel-gb199-69e679d310f03-1-0-1\" class=\"so-panel widget widget_text\" data-index=\"3\" ><div class=\"panel-widget-style panel-widget-style-for-gb199-69e679d310f03-1-0-1\" >\t\t\t<div class=\"textwidget\"><p><em>El Certificado cumple la totalidad de lo requerido por la Resoluci\u00f3n 3635-E\/2017, art\u00edculos 4.5.4 y 4.6.4, y por lo tanto al tener el Radio Club personer\u00eda jur\u00eddica vigente y ser reconocida por ENACOM es v\u00e1lido para ascensos de categor\u00eda.<\/em><\/p>\n<\/div>\n\t\t<\/div><\/div><div id=\"panel-gb199-69e679d310f03-1-0-2\" class=\"widget_text so-panel widget widget_custom_html panel-last-child\" data-index=\"4\" ><div class=\"textwidget custom-html-widget\"><iframe loading=\"lazy\" width=\"95%\" height=\"3100\" src=\"https:\/\/lda.ar\/php\/lu6dk_2020.php\" frameborder=\"0\" allowfullscreen; style=\"margin-left: 2em;\"><\/iframe><\/div><\/div><\/div><\/div><\/div>","protected":false},"excerpt":{"rendered":"<p>El Radio Club Comandante Tom\u00e1s Espora de Lomas de Zamora LU6DK celebr\u00f3 el 20 de octubre de 2020 sus 70 a\u00f1os de vida y para festejarlo realiz\u00f3 diversas actividades durante&hellip; <\/p>\n","protected":false},"author":3,"featured_media":0,"parent":1406,"menu_order":0,"comment_status":"closed","ping_status":"closed","template":"","meta":{"ngg_post_thumbnail":0,"footnotes":""},"class_list":["post-199","page","type-page","status-publish","hentry"],"_links":{"self":[{"href":"https:\/\/lda.ar\/index.php?rest_route=\/wp\/v2\/pages\/199","targetHints":{"allow":["GET"]}}],"collection":[{"href":"https:\/\/lda.ar\/index.php?rest_route=\/wp\/v2\/pages"}],"about":[{"href":"https:\/\/lda.ar\/index.php?rest_route=\/wp\/v2\/types\/page"}],"author":[{"embeddable":true,"href":"https:\/\/lda.ar\/index.php?rest_route=\/wp\/v2\/users\/3"}],"replies":[{"embeddable":true,"href":"https:\/\/lda.ar\/index.php?rest_route=%2Fwp%2Fv2%2Fcomments&post=199"}],"version-history":[{"count":39,"href":"https:\/\/lda.ar\/index.php?rest_route=\/wp\/v2\/pages\/199\/revisions"}],"predecessor-version":[{"id":1573,"href":"https:\/\/lda.ar\/index.php?rest_route=\/wp\/v2\/pages\/199\/revisions\/1573"}],"up":[{"embeddable":true,"href":"https:\/\/lda.ar\/index.php?rest_route=\/wp\/v2\/pages\/1406"}],"wp:attachment":[{"href":"https:\/\/lda.ar\/index.php?rest_route=%2Fwp%2Fv2%2Fmedia&parent=199"}],"curies":[{"name":"wp","href":"https:\/\/api.w.org\/{rel}","templated":true}]}}