{"id":16608,"date":"2026-02-03T18:25:21","date_gmt":"2026-02-03T21:25:21","guid":{"rendered":"https:\/\/lda.ar\/?page_id=16608"},"modified":"2026-04-13T21:29:51","modified_gmt":"2026-04-14T00:29:51","slug":"ayudanos-con-un-cafecito","status":"publish","type":"page","link":"https:\/\/lda.ar\/?page_id=16608","title":{"rendered":"| DONATE |"},"content":{"rendered":"\n<pre id=\"tw-target-text\" class=\"wp-block-preformatted\"><\/pre>\n\n\n<div id=\"pl-gb16608-69e6501ae64df\"  class=\"panel-layout\" ><div id=\"pg-gb16608-69e6501ae64df-0\"  class=\"panel-grid panel-no-style\" ><div id=\"pgc-gb16608-69e6501ae64df-0-0\"  class=\"panel-grid-cell\" ><div id=\"panel-gb16608-69e6501ae64df-0-0-0\" class=\"so-panel widget widget_sow-editor panel-first-child\" data-index=\"0\" ><div\n\t\t\t\n\t\t\tclass=\"so-widget-sow-editor so-widget-sow-editor-base\"\n\t\t\t\n\t\t><h3 class=\"widget-title\">Tu colaboracion nos ayuda  &#8211; Your collaboration helps us<\/h3>\n<div class=\"siteorigin-widget-tinymce textwidget\">\n\t<p>Estimado usuario\/colega. Detr\u00e1s de esta plataforma hay mucho esfuerzo y dedicaci\u00f3n todo a pulm\u00f3n, es por eso que contamos con tu peque\u00f1a ayuda. Esta peque\u00f1a colaboraci\u00f3n que nos estas dando nos ayuda a pagar mensualmente mantenimiento, hosting y seguir desarrollando, dise\u00f1ando y ofreciendo cada vez m\u00e1s cosas para que puedas seguir disfrutando de&nbsp;este incre\u00edble hobby.<\/p>\n<p>\u00a1Agradecemos cualquier donaci\u00f3n! 73<\/p>\n<hr \/>\n<p>Dear user\/colleague, this platform is the result of a lot of hard work and dedication, all done entirely on a shoestring budget. That&#8217;s why we rely on your small contribution. This little help you provide covers monthly maintenance and hosting costs, and allows us to continue developing, designing, and offering even more features so you can keep enjoying this amazing hobby.<\/p>\n<div id=\"comp-lc0xvn3p\" class=\"Z_l5lU ku3DBC zQ9jDz qvSjx3 Vq6kJx comp-lc0xvn3p wixui-rich-text\" data-testid=\"richTextElement\">\n<p>We appreciate any donation! 73<\/p>\n<\/div>\n<\/div>\n<\/div><\/div><div id=\"panel-gb16608-69e6501ae64df-0-0-1\" class=\"so-panel widget widget_sow-editor\" data-index=\"1\" ><div\n\t\t\t\n\t\t\tclass=\"so-widget-sow-editor so-widget-sow-editor-base\"\n\t\t\t\n\t\t><h3 class=\"widget-title\">Quienes ya coraboraron.<\/h3>\n<div class=\"siteorigin-widget-tinymce textwidget\">\n\t<h6>Las estaciones que hayan colaborado con la plataforma, figuraran destacados de <span style=\"color: #0000ff;\">color azul<\/span> cuando est\u00e9n logueados en la lista de estaciones Conectadas en la pagina principal.<\/h6>\n<\/div>\n<\/div><\/div><div id=\"panel-gb16608-69e6501ae64df-0-0-2\" class=\"widget_text so-panel widget widget_custom_html\" data-index=\"2\" ><div class=\"textwidget custom-html-widget\"><div class=\"banner\">\n    <div class=\"track\">\n        <div class=\"item\" id=\"banner-text\"><\/div>\n        <div class=\"item\" id=\"banner-text-dup\"><\/div>\n    <\/div>\n<\/div>\n\n<style>\n.banner {\n    width: 100%;\n    overflow: hidden;\n    background: #111;\n    color: #ffcc00;\n    font-family: Arial, sans-serif;\n}\n\n.track {\n    display: flex;\n    width: max-content;\n    animation: scroll 50s linear infinite;\n}\n\n.banner:hover .track {\n    animation-play-state: paused;\n}\n.banner {\n    width: 100%;\n    overflow: hidden;\n    background: #111;\n    color: #ffffff;\n    font-family: Arial, sans-serif;\n\n    border: 3px solid #ff0000; \/* borde *\/\n    border-radius: 6px;       \/* opcional *\/\n}\n\n.item {\n    padding-right: 80px;\n    white-space: pre; \/* CLAVE *\/\n}\n\n@keyframes scroll {\n    0% { transform: translateX(0); }\n    100% { transform: translateX(-50%); }\n}\n<\/style>\n\n<script>\nconst texto =\"GRACIAS!!!    LU2HDT - LW7ENH - LU6AQF - LU1LBS - LW4DCI - LW9EDZ - LU1XFS - LU6EBT - LU7FEB - LU7VCY - LU1FMV - LU3EMN - LU6HSD - LU9MDP - LU1DZI - LU5DGY - LU1YAV - EA8AM - LW8EUA - LW8DO - LU1HJY - LW9DIH - LU6HEB - LU1APS - LW5ECI - LU3LAK - LU7YGB - LU1JBY - LU6EOJ - LU8EB - KC3TRJ - EA8BYZ - LU5ILA - LU9EMP - LU1WL - LU3VMS - LW7EAR - LU7DAM - LW3EMP - LU6MJM\";\n\ndocument.getElementById(\"banner-text\").textContent = texto;\ndocument.getElementById(\"banner-text-dup\").textContent = texto;\n<\/script><\/div><\/div><div id=\"panel-gb16608-69e6501ae64df-0-0-3\" class=\"widget_text so-panel widget widget_custom_html panel-last-child\" data-index=\"3\" ><div class=\"textwidget custom-html-widget\"><iframe\n  src=\"https:\/\/www.lda.ar\/php\/cafecito_web_dany.php\"\n  style=\"width:100%; height:180px; border:0;\"\n  scrolling=\"no\">\n<\/iframe><\/div><\/div><\/div><\/div><\/div>\n\n\n<hr class=\"wp-block-separator has-text-color has-white-color has-alpha-channel-opacity has-white-background-color has-background\"\/>\n\n\n\n<hr class=\"wp-block-separator has-text-color has-luminous-vivid-orange-color has-alpha-channel-opacity has-luminous-vivid-orange-background-color has-background is-style-wide\"\/>\n\n\n<div id=\"pl-gb16608-69e6501ae7b40\"  class=\"panel-layout wp-block-siteorigin-panels-layout-block\" ><div id=\"pg-gb16608-69e6501ae7b40-0\"  class=\"panel-grid panel-no-style\" ><div id=\"pgc-gb16608-69e6501ae7b40-0-0\"  class=\"panel-grid-cell\" ><div id=\"panel-gb16608-69e6501ae7b40-0-0-0\" class=\"so-panel widget widget_sow-image-grid panel-first-child panel-last-child\" data-index=\"0\" ><div\n\t\t\t\n\t\t\tclass=\"so-widget-sow-image-grid so-widget-sow-image-grid-default-15bfeffd6b98-16608\"\n\t\t\t\n\t\t>\t<div\n\t\tclass=\"sow-image-grid-wrapper\"\n\t\tdata-max-width=\"85\"\t\tdata-max-height=\"75\"\t>\n\t\t\t\t\t<div class=\"sow-image-grid-image\">\n\t\t\t\t\t\t\t\t\t\t\t\t\t<a href=\"https:\/\/fotovig.com.ar\/\"\n\t\t\t\t\t\t\t\t\t\t\t\t\t\t\t\t\t\ttarget=\"_blank\" \t\t\t\t\t\t\t\t\t\t\t\t\t\t\t\t\t\t\t\t\t\t\t\trel=\"noopener noreferrer\" \t\t\t\t\t\t\t\t\t\t\t>\n\t\t\t\t\t\t\t\t<img decoding=\"async\" title=\"Fotovig\" alt=\"Fotovig&quot;\" class=\"sow-image-grid-image_html\" src=\"https:\/\/lda.ar\/imagenes\/escudos\/Marca%20Foto%20Vig%20(Colores).png\" >\t\t\t\t\t\t\t\t\t<\/a>\n\t\t\t\t\t\t\t\t\t\t\t<\/div>\n\t\t\t\t\t<div class=\"sow-image-grid-image\">\n\t\t\t\t\t\t\t\t\t\t\t\t\t<a href=\"http:\/\/www.sa10m.com.ar\/\"\n\t\t\t\t\t\t\t\t\t\t\t\t\t\t\t\t\t\ttarget=\"_blank\" \t\t\t\t\t\t\t\t\t\t\t\t\t\t\t\t\t\t\t\t\t\t\t\trel=\"noopener noreferrer\" \t\t\t\t\t\t\t\t\t\t\t>\n\t\t\t\t\t\t\t\t<img decoding=\"async\" title=\"SA1\u00d8m Contest\" alt=\"SA10m Contest&quot;\" class=\"sow-image-grid-image_html\" src=\"https:\/\/lda.ar\/imagenes\/escudos\/logo_sa10m.png\" >\t\t\t\t\t\t\t\t\t<\/a>\n\t\t\t\t\t\t\t\t\t\t\t<\/div>\n\t\t\t\t\t<div class=\"sow-image-grid-image\">\n\t\t\t\t\t\t\t\t\t\t\t\t\t<a href=\"http:\/\/www.campeonatohf.com.ar\/\"\n\t\t\t\t\t\t\t\t\t\t\t\t\t\t\t\t\t\ttarget=\"_blank\" \t\t\t\t\t\t\t\t\t\t\t\t\t\t\t\t\t\t\t\t\t\t\t\trel=\"noopener noreferrer\" \t\t\t\t\t\t\t\t\t\t\t>\n\t\t\t\t\t\t\t\t<img decoding=\"async\" title=\"Campeonato Argentino de HF\" alt=\"Campeonato Argentino de HF&quot;\" class=\"sow-image-grid-image_html\" src=\"https:\/\/lda.ar\/imagenes\/escudos\/logo_cahf.png\" >\t\t\t\t\t\t\t\t\t<\/a>\n\t\t\t\t\t\t\t\t\t\t\t<\/div>\n\t\t\t\t\t<div class=\"sow-image-grid-image\">\n\t\t\t\t\t\t\t\t\t\t\t\t\t<a href=\"http:\/\/jvp-antenas.com.ar\/\"\n\t\t\t\t\t\t\t\t\t\t\t\t\t\t\t\t\t\ttarget=\"_blank\" \t\t\t\t\t\t\t\t\t\t\t\t\t\t\t\t\t\t\t\t\t\t\t\trel=\"noopener noreferrer\" \t\t\t\t\t\t\t\t\t\t\t>\n\t\t\t\t\t\t\t\t<img decoding=\"async\" title=\"JVP Antenas\" alt=\"JVP Antenas&quot;\" class=\"sow-image-grid-image_html\" src=\"https:\/\/lda.ar\/imagenes\/escudos\/logo_jvp.png\" >\t\t\t\t\t\t\t\t\t<\/a>\n\t\t\t\t\t\t\t\t\t\t\t<\/div>\n\t\t\t\t\t<div class=\"sow-image-grid-image\">\n\t\t\t\t\t\t\t\t\t\t\t\t\t<a href=\"http:\/\/www.jpv-antenas.com.ar\"\n\t\t\t\t\t\t\t\t\t\t\t\t\t\t\t\t\t\ttarget=\"_blank\" \t\t\t\t\t\t\t\t\t\t\t\t\t\t\t\t\t\t\t\t\t\t\t\trel=\"noopener noreferrer\" \t\t\t\t\t\t\t\t\t\t\t>\n\t\t\t\t\t\t\t\t<img decoding=\"async\" title=\"Yaguaret\u00e9 DX Group\" alt=\"Yaguaret\u00e9 DX Group&quot;\" class=\"sow-image-grid-image_html\" src=\"https:\/\/lda.ar\/imagenes\/escudos\/escudo_yaguarete_dx_group_600px.png\" >\t\t\t\t\t\t\t\t\t<\/a>\n\t\t\t\t\t\t\t\t\t\t\t<\/div>\n\t\t\t\t\t<div class=\"sow-image-grid-image\">\n\t\t\t\t\t\t\t\t\t\t\t\t\t<a href=\"https:\/\/www.argentinaroom.com.ar\/\"\n\t\t\t\t\t\t\t\t\t\t\t\t\t\t\t\t\t\ttarget=\"_blank\" \t\t\t\t\t\t\t\t\t\t\t\t\t\t\t\t\t\t\t\t\t\t\t\trel=\"noopener noreferrer\" \t\t\t\t\t\t\t\t\t\t\t>\n\t\t\t\t\t\t\t\t<img decoding=\"async\" title=\"Argentina ROOM\" alt=\"Argentina ROOM&quot;\" class=\"sow-image-grid-image_html\" src=\"https:\/\/lda.ar\/escudos\/marca_arg_room_circular_fdo_celeste.png\" >\t\t\t\t\t\t\t\t\t<\/a>\n\t\t\t\t\t\t\t\t\t\t\t<\/div>\n\t\t\t<\/div>\n<\/div><\/div><\/div><\/div><\/div>\n\n\n<div style=\"height:20px\" aria-hidden=\"true\" class=\"wp-block-spacer\"><\/div>\n","protected":false},"excerpt":{"rendered":"","protected":false},"author":14,"featured_media":0,"parent":0,"menu_order":0,"comment_status":"closed","ping_status":"closed","template":"","meta":{"ngg_post_thumbnail":0,"footnotes":""},"class_list":["post-16608","page","type-page","status-publish","hentry"],"_links":{"self":[{"href":"https:\/\/lda.ar\/index.php?rest_route=\/wp\/v2\/pages\/16608","targetHints":{"allow":["GET"]}}],"collection":[{"href":"https:\/\/lda.ar\/index.php?rest_route=\/wp\/v2\/pages"}],"about":[{"href":"https:\/\/lda.ar\/index.php?rest_route=\/wp\/v2\/types\/page"}],"author":[{"embeddable":true,"href":"https:\/\/lda.ar\/index.php?rest_route=\/wp\/v2\/users\/14"}],"replies":[{"embeddable":true,"href":"https:\/\/lda.ar\/index.php?rest_route=%2Fwp%2Fv2%2Fcomments&post=16608"}],"version-history":[{"count":35,"href":"https:\/\/lda.ar\/index.php?rest_route=\/wp\/v2\/pages\/16608\/revisions"}],"predecessor-version":[{"id":16971,"href":"https:\/\/lda.ar\/index.php?rest_route=\/wp\/v2\/pages\/16608\/revisions\/16971"}],"wp:attachment":[{"href":"https:\/\/lda.ar\/index.php?rest_route=%2Fwp%2Fv2%2Fmedia&parent=16608"}],"curies":[{"name":"wp","href":"https:\/\/api.w.org\/{rel}","templated":true}]}}