{"id":1603,"date":"2020-10-31T12:06:36","date_gmt":"2020-10-31T15:06:36","guid":{"rendered":"https:\/\/lda.ar\/wp\/?page_id=1603"},"modified":"2024-12-11T14:16:21","modified_gmt":"2024-12-11T17:16:21","slug":"lu6dg-60o-aniversario-punta-alta-radio-club","status":"publish","type":"page","link":"https:\/\/lda.ar\/?page_id=1603","title":{"rendered":"| LU6DG | 60\u00ba Aniversario Punta Alta Radio Club"},"content":{"rendered":"<div id=\"pl-gb1603-69e64d3c75a91\"  class=\"panel-layout wp-block-siteorigin-panels-layout-block\" ><div id=\"pg-gb1603-69e64d3c75a91-0\"  class=\"panel-grid panel-no-style\" ><div id=\"pgc-gb1603-69e64d3c75a91-0-0\"  class=\"panel-grid-cell\" ><div id=\"panel-gb1603-69e64d3c75a91-0-0-0\" class=\"so-panel widget widget_sow-image panel-first-child\" data-index=\"0\" ><div\n\t\t\t\n\t\t\tclass=\"so-widget-sow-image so-widget-sow-image-default-e8513d21b1d5-1603\"\n\t\t\t\n\t\t>\n<div class=\"sow-image-container\">\n\t\t<img \n\tsrc=\"https:\/\/lda.ar\/wp-content\/uploads\/2020\/10\/membrete_lu6dg_60_aniversario-e1603818684607.jpg\" width=\"1024\" height=\"185\" sizes=\"(max-width: 1024px) 100vw, 1024px\" title=\"(LU6DG) 60\u00ba Aniversario Punta Alta Radio Club\" alt=\"\" \t\tclass=\"so-widget-image\"\/>\n\t<\/div>\n\n<\/div><\/div><div id=\"panel-gb1603-69e64d3c75a91-0-0-1\" class=\"so-panel widget widget_text\" data-index=\"1\" ><div class=\"panel-widget-style panel-widget-style-for-gb1603-69e64d3c75a91-0-0-1\" >\t\t\t<div class=\"textwidget\"><p id=\"u864272-2\"><strong>El Punta Alta Radio Club (LU6DG) les invita a participar junto a sus integrantes, a toda estaci\u00f3n Argentina o Extranjera, en el festejo por los 60 a\u00f1os de actividad de la Instituci\u00f3n, que se celebra el 1\u00ba de junio del 2020<\/strong><\/p>\n<\/div>\n\t\t<\/div><\/div><div id=\"panel-gb1603-69e64d3c75a91-0-0-2\" class=\"so-panel widget widget_text panel-last-child\" data-index=\"2\" ><div class=\"panel-widget-style panel-widget-style-for-gb1603-69e64d3c75a91-0-0-2\" >\t\t\t<div class=\"textwidget\"><p><em>El Certificado cumple la totalidad de lo requerido por la Resoluci\u00f3n 3635-E\/2017, art\u00edculos 4.5.4 y 4.6.4, y por lo tanto al tener el Radio Club personer\u00eda jur\u00eddica vigente y ser reconocida por ENACOM es v\u00e1lido para ascensos de categor\u00eda.<\/em><\/p>\n<\/div>\n\t\t<\/div><\/div><\/div><\/div><div id=\"pg-gb1603-69e64d3c75a91-1\"  class=\"panel-grid panel-no-style\" ><div id=\"pgc-gb1603-69e64d3c75a91-1-0\"  class=\"panel-grid-cell\" ><div id=\"panel-gb1603-69e64d3c75a91-1-0-0\" class=\"so-panel widget widget_sow-button panel-first-child\" data-index=\"3\" ><div\n\t\t\t\n\t\t\tclass=\"so-widget-sow-button so-widget-sow-button-atom-84e047a5cb77-1603\"\n\t\t\t\n\t\t><div class=\"ow-button-base ow-button-align-center\"\n>\n\t\t\t<a\n\t\t\t\t\thref=\"https:\/\/lda.ar\/bases\/bases_lu6dg_60_aniversario.pdf\"\n\t\t\t\t\tclass=\"sowb-button ow-icon-placement-left ow-button-hover\" target=\"_blank\" rel=\"noopener noreferrer\" \t>\n\t\t<span>\n\t\t\t<span class=\"sow-icon-fontawesome sow-far\" data-sow-icon=\"&#xf1c1;\"\n\t\tstyle=\"\" \n\t\taria-hidden=\"true\"><\/span>\n\t\t\tVER BASES\t\t<\/span>\n\t\t\t<\/a>\n\t<\/div>\n<\/div><\/div><div id=\"panel-gb1603-69e64d3c75a91-1-0-1\" class=\"widget_text so-panel widget widget_custom_html panel-last-child\" data-index=\"4\" ><div class=\"textwidget custom-html-widget\"><iframe loading=\"lazy\" width=\"95%\" height=\"3100\" src=\"https:\/\/logdeargentina.com.ar\/php\/lu6dg_2020.php\" frameborder=\"0\" allowfullscreen; style=\"margin-left: 2em;\"><\/iframe><\/div><\/div><\/div><\/div><\/div>\n\n\n<p><strong>LU1DAS&nbsp;LU1DHZ&nbsp;LU1DJB&nbsp;LU1DNO&nbsp;LU4EGP&nbsp;LU4ETC&nbsp;LU6DDD&nbsp;LU8DRA&nbsp;LU9EER&nbsp;LW4DTR&nbsp;LW8EL<\/strong><\/p>\n","protected":false},"excerpt":{"rendered":"<p>El Punta Alta Radio Club (LU6DG) les invita a participar junto a sus integrantes, a toda estaci\u00f3n Argentina o Extranjera, en el festejo por los 60 a\u00f1os de actividad de&hellip; <\/p>\n","protected":false},"author":3,"featured_media":0,"parent":11590,"menu_order":0,"comment_status":"closed","ping_status":"closed","template":"","meta":{"ngg_post_thumbnail":0,"footnotes":""},"class_list":["post-1603","page","type-page","status-publish","hentry"],"_links":{"self":[{"href":"https:\/\/lda.ar\/index.php?rest_route=\/wp\/v2\/pages\/1603","targetHints":{"allow":["GET"]}}],"collection":[{"href":"https:\/\/lda.ar\/index.php?rest_route=\/wp\/v2\/pages"}],"about":[{"href":"https:\/\/lda.ar\/index.php?rest_route=\/wp\/v2\/types\/page"}],"author":[{"embeddable":true,"href":"https:\/\/lda.ar\/index.php?rest_route=\/wp\/v2\/users\/3"}],"replies":[{"embeddable":true,"href":"https:\/\/lda.ar\/index.php?rest_route=%2Fwp%2Fv2%2Fcomments&post=1603"}],"version-history":[{"count":4,"href":"https:\/\/lda.ar\/index.php?rest_route=\/wp\/v2\/pages\/1603\/revisions"}],"predecessor-version":[{"id":12044,"href":"https:\/\/lda.ar\/index.php?rest_route=\/wp\/v2\/pages\/1603\/revisions\/12044"}],"up":[{"embeddable":true,"href":"https:\/\/lda.ar\/index.php?rest_route=\/wp\/v2\/pages\/11590"}],"wp:attachment":[{"href":"https:\/\/lda.ar\/index.php?rest_route=%2Fwp%2Fv2%2Fmedia&parent=1603"}],"curies":[{"name":"wp","href":"https:\/\/api.w.org\/{rel}","templated":true}]}}