{"id":13229,"date":"2025-08-04T22:56:29","date_gmt":"2025-08-05T01:56:29","guid":{"rendered":"https:\/\/lda.ar\/?page_id=13229"},"modified":"2025-08-04T22:56:57","modified_gmt":"2025-08-05T01:56:57","slug":"repudio-a-lu3ibm","status":"publish","type":"page","link":"https:\/\/lda.ar\/?page_id=13229","title":{"rendered":"| REPUDIO A LU3IBM |"},"content":{"rendered":"\n<p><\/p>\n\n\n<div id=\"pl-gb13229-69e69073b5d97\"  class=\"panel-layout wp-block-siteorigin-panels-layout-block\" ><div id=\"pg-gb13229-69e69073b5d97-0\"  class=\"panel-grid panel-no-style\" ><div id=\"pgc-gb13229-69e69073b5d97-0-0\"  class=\"panel-grid-cell\" ><div id=\"panel-gb13229-69e69073b5d97-0-0-0\" class=\"so-panel widget widget_sow-headline panel-first-child\" data-index=\"0\" ><div\n\t\t\t\n\t\t\tclass=\"so-widget-sow-headline so-widget-sow-headline-default-20c5311775ad-13229\"\n\t\t\t\n\t\t><div class=\"sow-headline-container \">\n\t\t\t\t\t\t<div class=\"decoration\">\n\t\t\t\t\t\t<div class=\"decoration-inside\"><\/div>\n\t\t\t\t\t<\/div>\n\t\t\t\t\t<\/div>\n<\/div><\/div><div id=\"panel-gb13229-69e69073b5d97-0-0-1\" class=\"so-panel widget widget_sow-editor panel-last-child\" data-index=\"1\" ><div\n\t\t\t\n\t\t\tclass=\"so-widget-sow-editor so-widget-sow-editor-base\"\n\t\t\t\n\t\t><h3 class=\"widget-title\">Total repudio y desmentida a LU3IBM<\/h3>\n<div class=\"siteorigin-widget-tinymce textwidget\">\n\t<h5><span style=\"color: #333399;\">El d\u00eda <strong>4\/8\/25 Jos\u00e9, LU3IBM<\/strong> hizo p\u00fablico en YouTube un v\u00eddeo anunciando el cierre de su plataforma \u00abQSOLog\u00bb por motivos de salud y econ\u00f3micos, cosa lamentable por cierto, pero en el transcurso de su explicaci\u00f3n <strong>difam\u00f3 brutalmente a Log de Argentina<\/strong> en forma totalmente injustificada, con el <strong>agravante de improperios hacia los administradores<\/strong>, sin tener ni la m\u00e1s vaga idea de c\u00f3mo es el proceder de LdA con la gran variedad de servicios que presta a la radioafici\u00f3n <strong>desde hace ya 10 a\u00f1os y casi 8000 usuarios de todo el mundo<\/strong>, todos ellos muy conformes con el sistema (incluso radioescuchas) y<strong> alent\u00e1ndonos cotidianamente por la gran cantidad de certificados que se ofrecen en forma totalmente gratuita.<\/strong><\/span><\/h5>\n<h5><strong><span style=\"color: #333399;\">De nuestra parte (administradores y colaboradores) repudiamos y desmentimos rotundamente sus dichos para con nosotros.<\/span><\/strong><\/h5>\n<h5><strong><span style=\"color: #333399;\">Esperamos una devoluci\u00f3n p\u00fablica de disculpas por sus dichos infundados y, de ser posible, usando terminolog\u00eda de buen gusto.<\/span><\/strong><\/h5>\n<h5><span style=\"color: #333399;\">Administraci\u00f3n y colaboradores de LdA.<\/span><br \/>\n<strong><span style=\"color: #333399;\">LU1VYL LU2CSG LU3CM LU4EG LU5ILA LU5MT LU6HMT LU9DPD<\/span><\/strong><\/h5>\n<\/div>\n<\/div><\/div><\/div><\/div><\/div>","protected":false},"excerpt":{"rendered":"","protected":false},"author":3,"featured_media":0,"parent":0,"menu_order":0,"comment_status":"open","ping_status":"closed","template":"","meta":{"ngg_post_thumbnail":0,"footnotes":""},"class_list":["post-13229","page","type-page","status-publish","hentry"],"_links":{"self":[{"href":"https:\/\/lda.ar\/index.php?rest_route=\/wp\/v2\/pages\/13229","targetHints":{"allow":["GET"]}}],"collection":[{"href":"https:\/\/lda.ar\/index.php?rest_route=\/wp\/v2\/pages"}],"about":[{"href":"https:\/\/lda.ar\/index.php?rest_route=\/wp\/v2\/types\/page"}],"author":[{"embeddable":true,"href":"https:\/\/lda.ar\/index.php?rest_route=\/wp\/v2\/users\/3"}],"replies":[{"embeddable":true,"href":"https:\/\/lda.ar\/index.php?rest_route=%2Fwp%2Fv2%2Fcomments&post=13229"}],"version-history":[{"count":2,"href":"https:\/\/lda.ar\/index.php?rest_route=\/wp\/v2\/pages\/13229\/revisions"}],"predecessor-version":[{"id":13231,"href":"https:\/\/lda.ar\/index.php?rest_route=\/wp\/v2\/pages\/13229\/revisions\/13231"}],"wp:attachment":[{"href":"https:\/\/lda.ar\/index.php?rest_route=%2Fwp%2Fv2%2Fmedia&parent=13229"}],"curies":[{"name":"wp","href":"https:\/\/api.w.org\/{rel}","templated":true}]}}